{"id":17,"date":"2020-06-22T21:06:00","date_gmt":"2020-06-22T21:06:00","guid":{"rendered":"http:\/\/adorolminden.hu\/?page_id=17"},"modified":"2020-07-17T05:03:04","modified_gmt":"2020-07-17T05:03:04","slug":"bemutatkozas","status":"publish","type":"page","link":"https:\/\/adorolminden.hu\/?page_id=17","title":{"rendered":"Bemutatkoz\u00e1s"},"content":{"rendered":"\n<div class=\"wp-block-group\"><div class=\"wp-block-group__inner-container is-layout-flow wp-block-group-is-layout-flow\">\n<p>B\u00e1lintn\u00e9 L. Andrea vagyok &nbsp;a <strong>B-L Alhambra Ec<\/strong> \u00fcgyvezet\u0151je.<\/p>\n\n\n\n<p>1984 \u00f3ta dolgozom ebben a szakm\u00e1ban.<\/p>\n\n\n\n<p>Gazdas\u00e1gi m\u00e9rn\u00f6ki \u00e9s Jogi javadalmaz\u00e1si szakokleveles tan\u00e1csad\u00f3i diplom\u00e1val, okl. ad\u00f3tan\u00e1csad\u00f3i \u00e9s m\u00e9rlegk\u00e9pes k\u00f6nyvel\u0151i v\u00e9gzetts\u00e9ggel rendelkezem. <\/p>\n\n\n\n<p>T\u00f6bb \u00e9vtizedes tapasztalat \u00e1ll m\u00f6g\u00f6ttem. Els\u0151sorban t\u00e1rsas\u00e1gok (Zrt, Kft, Bt) k\u00f6nyvel\u00e9s\u00e9vel foglalkozom. \u00dcgyfeleim el\u00e9gedetts\u00e9ge a legfontosabb a sz\u00e1momra. A c\u00e9g sz\u00e9khely\u00e9n van az irod\u00e1m.<br><\/p>\n\n\n\n<p>Tagja \u00e9s szak\u00e9rt\u0151je vagyok a Min\u0151s\u00e9gi K\u00f6nyvel\u0151k Klubj\u00e1nak.<\/p>\n<\/div><\/div>\n\n\n\n<p><br>Szem\u00e9lyes tal\u00e1lkoz\u00e1sra el\u0151re egyeztetett id\u0151pontban van lehet\u0151s\u00e9g.<\/p>\n\n\n\n<figure class=\"wp-block-gallery columns-1 is-cropped wp-block-gallery-1 is-layout-flex wp-block-gallery-is-layout-flex\"><ul class=\"blocks-gallery-grid\"><li class=\"blocks-gallery-item\"><figure><img loading=\"lazy\" decoding=\"async\" width=\"300\" height=\"169\" src=\"https:\/\/adorolminden.hu\/wp-content\/uploads\/2020\/05\/mkk-logo-szines1-300x169.png\" alt=\"\" data-id=\"51\" data-full-url=\"http:\/\/adorolminden.hu\/wp-content\/uploads\/2020\/05\/mkk-logo-szines1-e1594962150557.png\" data-link=\"http:\/\/adorolminden.hu\/?attachment_id=51\" class=\"wp-image-51\"\/><\/figure><\/li><\/ul><\/figure>\n","protected":false},"excerpt":{"rendered":"<p>B\u00e1lintn\u00e9 L. Andrea vagyok &nbsp;a B-L Alhambra Ec \u00fcgyvezet\u0151je. 1984 \u00f3ta dolgozom ebben a szakm\u00e1ban. Gazdas\u00e1gi m\u00e9rn\u00f6ki \u00e9s Jogi javadalmaz\u00e1si&hellip;<\/p>\n","protected":false},"author":1,"featured_media":0,"parent":0,"menu_order":0,"comment_status":"closed","ping_status":"closed","template":"","meta":{"footnotes":""},"class_list":["post-17","page","type-page","status-publish","hentry"],"_links":{"self":[{"href":"https:\/\/adorolminden.hu\/index.php?rest_route=\/wp\/v2\/pages\/17"}],"collection":[{"href":"https:\/\/adorolminden.hu\/index.php?rest_route=\/wp\/v2\/pages"}],"about":[{"href":"https:\/\/adorolminden.hu\/index.php?rest_route=\/wp\/v2\/types\/page"}],"author":[{"embeddable":true,"href":"https:\/\/adorolminden.hu\/index.php?rest_route=\/wp\/v2\/users\/1"}],"replies":[{"embeddable":true,"href":"https:\/\/adorolminden.hu\/index.php?rest_route=%2Fwp%2Fv2%2Fcomments&post=17"}],"version-history":[{"count":10,"href":"https:\/\/adorolminden.hu\/index.php?rest_route=\/wp\/v2\/pages\/17\/revisions"}],"predecessor-version":[{"id":222,"href":"https:\/\/adorolminden.hu\/index.php?rest_route=\/wp\/v2\/pages\/17\/revisions\/222"}],"wp:attachment":[{"href":"https:\/\/adorolminden.hu\/index.php?rest_route=%2Fwp%2Fv2%2Fmedia&parent=17"}],"curies":[{"name":"wp","href":"https:\/\/api.w.org\/{rel}","templated":true}]}}