{"id":14,"date":"2020-05-15T20:48:21","date_gmt":"2020-05-15T20:48:21","guid":{"rendered":"http:\/\/adorolminden.hu\/?page_id=14"},"modified":"2020-06-25T21:05:46","modified_gmt":"2020-06-25T21:05:46","slug":"kezdo-oldal","status":"publish","type":"page","link":"https:\/\/adorolminden.hu\/","title":{"rendered":"Kezd\u0151 oldal"},"content":{"rendered":"\n<p>Kedves L\u00e1togat\u00f3!<\/p>\n\n\n\n<p>\u00dcdv\u00f6zl\u00f6m a B-L Alhambra EC oldal\u00e1n.<\/p>\n\n\n\n<p>K\u00f6nyvel\u00e9ssel, ad\u00f3tan\u00e1csad\u00e1ssal k\u00e9rem, keressen b\u00e1tran a <a href=\"mailto:info@adorolminden.hu\">info(kukac)adorolminden.hu<\/a> mail c\u00edmen.<\/p>\n\n\n\n<p><\/p>\n","protected":false},"excerpt":{"rendered":"<p>Kedves L\u00e1togat\u00f3! \u00dcdv\u00f6zl\u00f6m a B-L Alhambra EC oldal\u00e1n. K\u00f6nyvel\u00e9ssel, ad\u00f3tan\u00e1csad\u00e1ssal k\u00e9rem, keressen b\u00e1tran a info(kukac)adorolminden.hu mail c\u00edmen.<\/p>\n","protected":false},"author":1,"featured_media":0,"parent":0,"menu_order":0,"comment_status":"closed","ping_status":"closed","template":"","meta":{"footnotes":""},"class_list":["post-14","page","type-page","status-publish","hentry"],"_links":{"self":[{"href":"https:\/\/adorolminden.hu\/index.php?rest_route=\/wp\/v2\/pages\/14"}],"collection":[{"href":"https:\/\/adorolminden.hu\/index.php?rest_route=\/wp\/v2\/pages"}],"about":[{"href":"https:\/\/adorolminden.hu\/index.php?rest_route=\/wp\/v2\/types\/page"}],"author":[{"embeddable":true,"href":"https:\/\/adorolminden.hu\/index.php?rest_route=\/wp\/v2\/users\/1"}],"replies":[{"embeddable":true,"href":"https:\/\/adorolminden.hu\/index.php?rest_route=%2Fwp%2Fv2%2Fcomments&post=14"}],"version-history":[{"count":4,"href":"https:\/\/adorolminden.hu\/index.php?rest_route=\/wp\/v2\/pages\/14\/revisions"}],"predecessor-version":[{"id":169,"href":"https:\/\/adorolminden.hu\/index.php?rest_route=\/wp\/v2\/pages\/14\/revisions\/169"}],"wp:attachment":[{"href":"https:\/\/adorolminden.hu\/index.php?rest_route=%2Fwp%2Fv2%2Fmedia&parent=14"}],"curies":[{"name":"wp","href":"https:\/\/api.w.org\/{rel}","templated":true}]}}